t s be a(-5). Let c be 15/60 + (-119)/(-4). Calculate the greatest common divisor of c and s.
6
Suppose -5*a = -1274 - 2221. Let t be a/21 - (-4)/(-14). Calculate the highest common factor of t and 11.
11
Let x(n) = n**2 - 2*n - 3. Let t be x(4). Suppose h = -h + t*w + 90, 2*h = -3*w + 90. Calculate the greatest common divisor of h and 5.
5
Suppose 252 = 88*x - 70*x. Calculate the highest common factor of 22 and x.
2
Suppose -5*a + 106 = -a - 2*q, -67 = -3*a - q. Let j = 46 + a. What is the highest common divisor of 10 and j?
10
Let q = 281 + -253. What is the highest common factor of q and 4?
4
Suppose 0 = -17*a + 7078 - 1264. What is the highest common factor of a and 18?
18
Suppose 344*j = 361*j - 3740. Calculate the greatest common divisor of j and 165.
55
Let g(s) = s**2 + 39*s + 81. Let p be g(-42). What is the highest common divisor of p and 23?
23
Suppose 8 = -2*y + 34. Let v = -4 + y. Let z(q) = -q**3 + 9*q**2 + 2*q - 10. Let a be z(v). Calculate the highest common factor of 8 and a.
8
Let k(v) = -157*v**2 + 2*v + 1. Let y be k(-1). Let f be y/14 - 6/(-21). Let t = f + 21. Calculate the greatest common factor of 10 and t.
10
Let g = 2009 + -1734. What is the highest common factor of 33 and g?
11
Suppose 0 = 9*g - 14*g + 25. Suppose 0 = 4*s + 43 + 37. Let k = s - -40. Calculate the highest common divisor of g and k.
5
Let f = 81 - 59. Calculate the greatest common factor of 506 and f.
22
Let z = -2 + 2. Suppose -10 = -2*d - z. Suppose -355 = -d*m + 6*t - t, m - 4*t = 68. What is the highest common factor of m and 12?
12
Let l(g) = 8*g**2 + 48*g + 18. Let u be l(-8). What is the greatest common divisor of 2 and u?
2
Let f be 33 + (-3 + (-12)/6 - -8). Calculate the greatest common factor of 16 and f.
4
Suppose 3749*y = 3713*y + 72. Let c be (-10)/(-2) - (0 + -1). What is the greatest common factor of c and y?
2
Let s(r) = -7*r + 10. Let j(o) = 6*o - 10. Let k(u) = -6*j(u) - 5*s(u). Let z be k(-3). Calculate the highest common divisor of z and 143.
13
Suppose -a - 3*t + 18 = 0, t = a - t + 7. Suppose -4*m = -3*m - a. Suppose m*v = 4 + 56. What is the greatest common divisor of 20 and v?
20
Suppose 10 = 8*z - 7*z. Let m be -1 + (2 - -54) - -3. Suppose 3*q - 272 = m. Calculate the greatest common factor of z and q.
10
Let u be 1316/20 + 5/25. What is the highest common factor of 176 and u?
22
Let v(g) = g**3 + 15*g**2 - 20*g - 1. Let h be v(-14). What is the greatest common divisor of h and 100?
25
Let a(w) = -3*w**3 + 0*w + 7*w**2 - 14*w + 12 + 3*w**2 + 4*w**3. Let j be a(-11). What is the greatest common factor of 18 and j?
9
Suppose -2*n - 2090 = -7*n. Calculate the greatest common divisor of n and 38.
38
Suppose -5*q + 33 = -2*q. What is the greatest common divisor of 77 and q?
11
Suppose -8*m + 120 = -4*m. Suppose n - 129 = -3*v - 74, 125 = 3*n + v. What is the greatest common factor of m and n?
10
Suppose -222*w + 220*w + 112 = 0. Calculate the greatest common divisor of w and 308.
28
Suppose 5*x = 3*x + 4. Let u = -1559 + 1561. Calculate the highest common factor of u and x.
2
Let f = 57 + 181. Suppose w - 64 - f = 0. Let d = w - 212. Calculate the highest common divisor of 36 and d.
18
Let o be ((-17)/2)/(1/(-2)). Let h(z) = -z**3 + 19*z**2 - 18*z + 8. Let n be h(o). Calculate the highest common factor of 40 and n.
40
Suppose 0 = -0*v + 3*v - 6. Suppose -v + 52 = 5*q. Suppose 12 + q = w. Calculate the greatest common factor of 198 and w.
22
Let o be (-38)/(-8) - 36/48. Calculate the highest common factor of o and 2.
2
Let p(j) = j**3 - j**2 + 10*j + 13. Let y be p(-7). Let b = 705 + y. What is the highest common divisor of 32 and b?
32
Let s = 5 + -6. Let q be (-13)/s + (-8)/8. Let x = 62 - 59. What is the greatest common divisor of q and x?
3
Let j = 36 + -33. Suppose -j*t + 95 = -g, -3*t - 29 = -4*t + g. Calculate the highest common factor of t and 3.
3
Suppose -6*r - 30 = -9*r. Let o(t) = 2*t - 1. Let z be o(2). Suppose -z*x = -0 - 15. What is the greatest common divisor of x and r?
5
Suppose 41 + 85 = 14*f. What is the highest common divisor of 171 and f?
9
Suppose -42 = -5*u + 13. Let n = 14 - u. Let w be 9 + (n - (4 - -2)). Calculate the highest common divisor of w and 54.
6
Let a = -1104 + 1124. Calculate the greatest common divisor of a and 92.
4
Let v = 0 - 0. Suppose v = o - 4*o + 297. Suppose 329*m - 808 + 1215 = 11264. What is the highest common divisor of m and o?
33
Let x be ((-4)/12)/(1/(-9)). Let p = 104 + -51. Let n = p + -32. Calculate the highest common divisor of n and x.
3
Suppose -5*l - 439 = -3*t, -5*l - 7*t - 455 = -2*t. Let d = l + 229. Calculate the greatest common factor of 28 and d.
28
Let u = -5 + 44. Suppose 8*y = -u + 111. Calculate the greatest common factor of 63 and y.
9
Suppose 0 = -4*f - 99 + 23. Let c = 36 + f. Calculate the highest common divisor of c and 102.
17
Let b = -212 + 277. What is the greatest common factor of 13 and b?
13
Let i = -838 + 914. Calculate the greatest common factor of 57 and i.
19
Let b be (-2306)/(-8) - 78/(-104). Calculate the greatest common divisor of 34 and b.
17
Let z be (0 - (-2)/17) + (-2617818)/(-6749). Calculate the greatest common factor of z and 8.
4
Let l = 320 - 297. What is the greatest common factor of l and 207?
23
Suppose 558 = 40*d - 9*d. What is the highest common divisor of 54 and d?
18
Let w be (105/63)/((-5)/(-42)). What is the greatest common factor of 2282 and w?
14
Suppose -39*r + 35*r = -20. Let u be (-1 - -5)*(1 - -4). Calculate the greatest common factor of r and u.
5
Let s(l) = l**3 + 34*l**2 + 34*l + 38. Let t be s(-33). Calculate the greatest common factor of t and 265.
5
Let w be (-20)/(-8)*20/25*324. What is the greatest common factor of 48 and w?
24
Suppose -2 = -r + 3. Suppose -4*y = r*q - 283, 5*y = -0*q - 3*q + 357. What is the highest common factor of y and 9?
9
Suppose -4*d = -5*j - 4334, 16*d - 13*d - 3248 = 5*j. Calculate the greatest common factor of d and 6.
6
Let c(j) = -10*j - 66. Let x be c(-17). Calculate the highest common factor of 78 and x.
26
Let h be 60*27/(-6)*2/(-36). Calculate the greatest common divisor of h and 6.
3
Let v = -5 - 0. Let o(u) = 2*u**2 - 6. Let g be o(v). Calculate the greatest common divisor of g and 176.
44
Let n = -87 - -90. Suppose n*c - 570 = -16*c. What is the greatest common divisor of c and 240?
30
Let w(i) = i**3 - 37*i**2 - 37*i - 28. Let u be w(38). Calculate the greatest common factor of u and 14.
2
Suppose 4*s + 56 = 3*a, 38*s + 13 = -a + 33*s. What is the greatest common factor of 36 and a?
12
Let k be ((-48)/(-28))/(5/((-70)/(-4))). Suppose 4*h + k*h - 580 = 0. Suppose 546 + 34 = 4*d. What is the greatest common divisor of d and h?
29
Suppose 8*z - 3*z - 185 = 0. Suppose 0*h - 57 = -h. Let c = h - z. Calculate the greatest common divisor of 30 and c.
10
Let b(s) = 0 + 2*s**2 - 3 - 8*s + 7. Let w be b(5). What is the greatest common factor of w and 70?
14
Let r(w) = 51*w**2 - 6*w - 3. Let z be r(-1). Calculate the highest common factor of 2 and z.
2
Let f = 8 - -36. Let s(v) = v + 4. Let d be s(-5). Let t(z) = -11*z. Let g be t(d). What is the greatest common divisor of f and g?
11
Let l(z) = 11*z + 4. Let j(t) = 21*t + 7. Let m(c) = -4*j(c) + 7*l(c). Let r be m(-2). Calculate the highest common divisor of 7 and r.
7
Suppose 8*y = 4*y + 16, 3*z = -3*y + 87. What is the greatest common factor of z and 55?
5
Let s(r) = -r**2 + 20*r - 22. Let j be s(16). Let l(v) = -17*v**3 - v**2 - 5*v - 3. Let u be l(-3). Calculate the greatest common factor of j and u.
42
Let p(g) = -g - 5. Let r be p(-12). Let x(h) = -r + 14*h + 22 - 15*h. Let b be x(14). Calculate the highest common factor of b and 2.
1
Let x be (-3*4/(-2))/(10/(-85)). Let t = 215 - x. What is the highest common divisor of t and 38?
38
Let v(y) = y**3 - 6*y**2 + 2*y + 9. Let u be v(7). What is the greatest common factor of 180 and u?
36
Let i(v) = 28*v**2 + 4*v + 4. Let t be i(-1). What is the greatest common factor of 1666 and t?
14
Let y = -15 - -45. Calculate the greatest common divisor of 54 and y.
6
Suppose 7*w - 5*w - 100 = 3*n, 0 = 5*w + n - 250. Let f = w + -38. What is the highest common factor of 12 and f?
12
Let z = 62 + -35. Let d be 234*((-5)/(-6) + 6/(-18)). Suppose -11*l - 2*l = -d. What is the highest common factor